4*b, 0 = 3*m + 3*b + 48. What is the remainder when w is divided by m*((-4)/3)/2?
8
Suppose 6*z - 21 = 3*z. What is the remainder when z is divided by 3?
1
Suppose 2*m - 4*f = -3*m + 139, 89 = 3*m - f. What is the remainder when m is divided by 17?
14
Let p be 1*(0 - 1)*-34. Suppose -4*s - k + p = -54, -k + 46 = 2*s. What is the remainder when s is divided by (-5)/(5/(-12)) + -1?
10
Let a(s) = 9*s - 4. Let o be a(4). Let j = -15 + o. What is the remainder when j is divided by 6 - (-1 - -1)/(-3)?
5
Calculate the remainder when (4/6)/(16/1488) is divided by 21.
20
Let r(z) = -z**2 - z + 3. Calculate the remainder when 16 is divided by r(0).
1
Suppose -4 = t - 13. Calculate the remainder when (-28 + -1)*(-2 - 0) is divided by ((-30)/t)/(4/(-24)).
18
Let h = -1 - -3. Suppose h*o - 3 = 1. Calculate the remainder when o is divided by 2.
0
Let z(c) = -c - 2 + 1 + 2*c. Let h be z(3). Suppose -4*l - q = -21, 2*q - 1 = -h*l + 5. Calculate the remainder when l is divided by 3.
0
Suppose -o - 1 = -4. Suppose -o*g - 1 = -4*g. Let q = 0 - -1. What is the remainder when q is divided by g?
0
Suppose 0 = 11*j - 16*j + 55. Calculate the remainder when 30 is divided by j.
8
Suppose 4*o = 162 - 14. Calculate the remainder when o is divided by 13.
11
Let g = -108 - -122. What is the remainder when 41 is divided by g?
13
Let z = 18 - 15. Let u be 2/(-7) + (-6)/(-21). Suppose u*v - 78 = -z*v. Calculate the remainder when v is divided by 9.
8
Suppose 96 = 2*l + 3*f, -3*l + 81 + 53 = 2*f. Calculate the remainder when 163 is divided by l.
37
Suppose 4*m + 3*u - 97 = 0, 2*m - 99 = -2*m - u. Let q = 0 + m. Calculate the remainder when q is divided by 14.
11
Suppose -10*a + 11*a = 2. What is the remainder when 25 is divided by (-5 + a - 0) + 12?
7
Suppose 6*c = c - o + 25, 2*c = 4*o + 32. Calculate the remainder when 43 is divided by c.
1
Let o = 197 - 127. What is the remainder when o is divided by 25?
20
Suppose -5*r + 2*v = 208, 0 = 5*v - 2*v - 12. Calculate the remainder when 5 is divided by (-150)/r + (-2)/(-8).
1
Suppose -2*m + 51 = 5*k, 3*m = 4*k - m - 52. Suppose 3*f = 3 + 9. Suppose 0 = f*r - r - 9. What is the remainder when k is divided by r?
2
Let t be (-6)/4*(-28)/6. Let o = t - 3. Suppose -2*y + 5*i = -0*y - 43, 104 = o*y - 4*i. Calculate the remainder when y is divided by 10.
9
Let f be (1 + 2)*(-3)/(-9). Let s be (1 + f + 1)*-6. What is the remainder when s/(-1) - (-2)/1 is divided by 7?
6
Let m = -9 - -35. Let y(d) = 8*d - 79. Calculate the remainder when y(16) is divided by m.
23
Suppose -4*l + 131 + 150 = -5*m, -4*m = -l + 73. Suppose 3 = t - 2*i - 3, i - 8 = -5*t. Suppose -c = t*c - l. Calculate the remainder when c is divided by 13.
10
Suppose -46 - 23 = -3*z. What is the remainder when z is divided by -1 + (-1 + -2 - -1) + 16?
10
Let j(x) = x + 16. Let u = 2 + 9. Calculate the remainder when u is divided by j(-9).
4
Suppose -3*b + 4*b + 203 = 0. What is the remainder when 8/20 + b/(-5) is divided by 14?
13
Let u = 29 - 18. What is the remainder when 74 is divided by u?
8
Let q(i) = -8*i - 5. Let r = -10 + 9. What is the remainder when q(-4) is divided by ((-1)/r - -2) + 11?
13
Let i = 13 - 8. Suppose 4*c - i = 7. Suppose -u + 3*u = c*y - 89, 131 = 5*y + u. Calculate the remainder when y is divided by 14.
13
Let r = -106 - -155. Suppose -m - 3 + r = 0. Let w(p) = -p**3 + p**2 - 3*p - 2. Calculate the remainder when m is divided by w(-2).
14
Suppose -z = 4*p + 14, -32 + 7 = -5*z - p. Suppose -z*b + 4*b = -r + 15, -4*r = -3*b - 60. Calculate the remainder when 2 is divided by (-4)/(-10) - r/(-25).
0
Suppose -s - 3*s = 8. Let h = 9 + s. What is the remainder when h is divided by 2?
1
Let h(j) = 3*j - 23. What is the remainder when h(13) is divided by 5?
1
Suppose 0 = 4*m + 12, 2*v + 1 = -3*m + 18. What is the remainder when v is divided by 9?
4
Let b = 24 + 5. What is the remainder when 57 is divided by b?
28
Suppose -2*b - 3*r + 8 = 72, r = -4. Let u(w) = -w**3 - 5*w**2 + 7*w + 2. Let x be u(-7). Let l = x + b. What is the remainder when l is divided by 14?
11
Let q(z) be the first derivative of 16*z**3/3 - z**2 - z + 1. What is the remainder when q(-1) is divided by 10?
7
Suppose -2*m = -0*m - n - 29, -3*n - 71 = -5*m. What is the remainder when m is divided by 6?
4
Let y be (-182)/10 + (-4)/(-20). Calculate the remainder when 4 is divided by (-3)/((y/4)/3).
0
Let j(i) = 2*i**2 + 5*i + 4. Let x be j(-3). Let n = x + -11. Let d = n + 5. What is the remainder when 1 is divided by d?
0
What is the remainder when 142 is divided by 172/6 + 3/(63/7)?
26
Let i = -14 - -34. Calculate the remainder when 95 is divided by i.
15
Let p(b) = -2*b - 10. Let z = -46 + 69. What is the remainder when z is divided by p(-9)?
7
Suppose 25 - 5 = 4*x + 4*s, 3*x = -5*s + 19. Calculate the remainder when 32 is divided by x.
2
Let v = 2 - -2. Let p(j) = -j**3 + 2*j**2 + 3*j - 2. Let k be p(v). Let g = -3 - k. Calculate the remainder when 36 is divided by g.
17
Suppose 0*o - 2*o + 4 = 0. Suppose -o*d + 7*d = 25. What is the remainder when d is divided by 2?
1
Let y = 1 - -7. Let m = y + 3. Let n(h) = -h**2 + 10*h - 12. Calculate the remainder when m is divided by n(8).
3
Suppose 0 = w - 4*w + 3*u + 96, 3*w - 71 = -2*u. Suppose 3*v - 4*v = -14. What is the remainder when w is divided by v?
13
Let f(y) = 2*y + 2. Let x(h) = -h - 1. Let s(z) = -3*f(z) - 4*x(z). What is the remainder when 8 is divided by s(-2)?
0
What is the remainder when 94 is divided by -2*(567/(-6))/7?
13
Suppose -7*b = 19 - 117. Let q = 29 - b. What is the remainder when 28 is divided by q?
13
Let n(s) = 10*s**3 - 7 - 11*s - 11*s**2 - 10*s**3 - s**3. Calculate the remainder when 5 is divided by n(-10).
2
Let j be -1 + -2 + 4 + -2. Let g be 14 + (0 - j)/(-1). Suppose -5*q - g + 3 = 0, -2*l - 4*q = -104. Calculate the remainder when l is divided by 19.
18
Suppose 15 = 5*p + n, -n + 5*n + 6 = 2*p. Suppose 2*d + 4*u = 40, 0 = p*d - 4*u + 7*u - 66. Calculate the remainder when d is divided by 13.
11
Let b(t) = t**3 + 11*t**2 + 5*t - 4. Let z be b(-9). Suppose 0 = 5*d - z + 13. Calculate the remainder when 57 is divided by d.
17
Let o = -54 + 79. Let w(b) = b**2 - 4*b + 9. Calculate the remainder when o is divided by w(4).
7
Suppose -2*p - l + 10 = 0, -8 + 2 = -3*l. Suppose 4*t + 8 = -p*w, -2*w - t + 5*t = 4. Calculate the remainder when 13 - (w + (3 - 1)) is divided by 7.
6
Suppose -5*m + 30 = -90. What is the remainder when 80 is divided by m?
8
Let t be (-80)/(-14) + (-8)/(-28). Suppose -3*w = -t - 0. Suppose -d + w*d = 1. What is the remainder when 2 is divided by d?
0
Suppose -3*n + p + 43 = 13, 5*p = n - 10. What is the remainder when 32 is divided by n?
2
Suppose -3 = -p - 2, -2*p = -4*o + 18. Suppose -5*c + 162 = -b + 18, 0 = -o*c + 2*b + 148. Suppose -n + 75 = 4*n. What is the remainder when c is divided by n?
13
Calculate the remainder when (4/(-6))/(4 - 4376/1092) is divided by 26.
13
Calculate the remainder when (-62)/(-2)*(-1 + 2) is divided by 11.
9
Suppose 3*t + 24 = 7*t. What is the remainder when 75 is divided by t?
3
Suppose -7*r + 116 = -5*r. What is the remainder when r is divided by 20?
18
Let c be ((-10)/4)/(4/(-8)). Suppose 2*f - 2*z + c*z - 5 = 0, -2*f + 4 = 2*z. What is the remainder when 3 is divided by f?
0
Let y(k) = -32*k**3 + 2*k + 1. Let l be y(-1). Let i = l + -4. Let u = 11 - 1. What is the remainder when i is divided by u?
7
Let t(z) = -z**3 + 11*z**2 + 15*z - 1. Let x be t(12). Suppose 2*p + 7 - x = 0. What is the remainder when 55 is divided by p?
13
Suppose 5*m - 44 = 26. Suppose -4*y + 35 = -65. Suppose 98 = 3*b - y. What is the remainder when b is divided by m?
13
Let l(p) = p**3 + 10*p**2 + 8*p - 7. Suppose 0 = b - 6*b - 45. Calculate the remainder when l(b) is divided by 2.
0
Let r be (-3 - 28/(-8))*6. Suppose -182 = -r*v - 14. Calculate the remainder when v is divided by 15.
11
Let p(w) = -w + 8. What is the remainder when p(-5) is divided by 5?
3
Let s = 75 - 37. Calculate the remainder when 75 is divided by s.
37
Let p(z) = 6*z + 3. Calculate the remainder when 127 is divided by p(5).
28
Let p be 70/4*2 + 0. Let g = p - 20. Calculate the remainder when g is divided by 6.
3
Let s = -25 + 64. Suppose s + 27 = -2*p. Let l = p - -54. What is the remainder when l is divided